{"id":466,"date":"2012-09-25T10:22:04","date_gmt":"2012-09-25T08:22:04","guid":{"rendered":"https:\/\/www.lucieglinel.com\/?page_id=466"},"modified":"2024-10-14T17:27:28","modified_gmt":"2024-10-14T15:27:28","slug":"le-fil-de-lhistoire-spectacle-de-contes-improvises","status":"publish","type":"page","link":"https:\/\/www.lucieglinel.com\/?page_id=466","title":{"rendered":"Le fil de l&rsquo;histoire &#8211; Spectacle de contes improvis\u00e9s"},"content":{"rendered":"\n<div class=\"wp-block-columns is-layout-flex wp-container-core-columns-is-layout-9d6595d7 wp-block-columns-is-layout-flex\">\n<div class=\"wp-block-column is-layout-flow wp-block-column-is-layout-flow\">\n<figure class=\"wp-block-image size-large\"><a href=\"https:\/\/www.lucieglinel.com\/wp-content\/uploads\/2024\/10\/LeFilDeLHistoire-scaled.jpg\"><img fetchpriority=\"high\" decoding=\"async\" width=\"396\" height=\"1024\" src=\"https:\/\/www.lucieglinel.com\/wp-content\/uploads\/2024\/10\/LeFilDeLHistoire-396x1024.jpg\" alt=\"\" class=\"wp-image-1676\" srcset=\"https:\/\/www.lucieglinel.com\/wp-content\/uploads\/2024\/10\/LeFilDeLHistoire-396x1024.jpg 396w, https:\/\/www.lucieglinel.com\/wp-content\/uploads\/2024\/10\/LeFilDeLHistoire-116x300.jpg 116w, https:\/\/www.lucieglinel.com\/wp-content\/uploads\/2024\/10\/LeFilDeLHistoire-768x1987.jpg 768w, https:\/\/www.lucieglinel.com\/wp-content\/uploads\/2024\/10\/LeFilDeLHistoire-594x1536.jpg 594w, https:\/\/www.lucieglinel.com\/wp-content\/uploads\/2024\/10\/LeFilDeLHistoire-791x2048.jpg 791w, https:\/\/www.lucieglinel.com\/wp-content\/uploads\/2024\/10\/LeFilDeLHistoire-scaled.jpg 989w\" sizes=\"(max-width: 396px) 100vw, 396px\" \/><\/a><\/figure>\n<\/div>\n\n\n\n<div class=\"wp-block-column is-layout-flow wp-block-column-is-layout-flow\">\n<p class=\"has-text-align-right\"><br><strong>Enfants \u00e0 partir de 6 ans \/ familles<\/strong><br><strong>3 conteuses improvisatrices<\/strong><br><strong>60 minutes<\/strong><\/p>\n\n\n\n<p class=\"has-text-align-right\">Ou<\/p>\n\n\n\n<p class=\"has-text-align-right\"><meta charset=\"utf-8\"><strong>Version pour les 3-6 ans<\/strong><br><strong>2 com\u00e9diennes<\/strong><br><strong>45 minutes<\/strong><\/p>\n\n\n\n<p class=\"has-text-align-right\"><strong>AVEC, en alternance&nbsp;<\/strong><br>Aur\u00e9lie Desert<br>Lucie Glinel<br>Elodie Hamain<br>St\u00e9phanie Vissi\u00e8re<\/p>\n<\/div>\n<\/div>\n\n\n<p style=\"text-align: justify;\">Depuis toujours, on raconte des histoires. D\u2019o\u00f9 viennent-elles&nbsp;? Ont-elles toutes \u00e9t\u00e9 d\u00e9couvertes ? <span style=\"color: #800000;\"><strong>Non !&nbsp;<\/strong><\/span><\/p>\n<p style=\"text-align: justify;\"><a href=\"https:\/\/www.lucieglinel.com\/wp-content\/uploads\/2012\/09\/Le-fil-de-lhistoire-2.jpg\"><img decoding=\"async\" class=\"alignright wp-image-473\" title=\"Le fil de l'histoire 2\" src=\"https:\/\/www.lucieglinel.com\/wp-content\/uploads\/2012\/09\/Le-fil-de-lhistoire-2-300x225.jpg\" alt=\"\" width=\"210\" height=\"158\" srcset=\"https:\/\/www.lucieglinel.com\/wp-content\/uploads\/2012\/09\/Le-fil-de-lhistoire-2-300x225.jpg 300w, https:\/\/www.lucieglinel.com\/wp-content\/uploads\/2012\/09\/Le-fil-de-lhistoire-2-400x300.jpg 400w, https:\/\/www.lucieglinel.com\/wp-content\/uploads\/2012\/09\/Le-fil-de-lhistoire-2.jpg 960w\" sizes=\"(max-width: 210px) 100vw, 210px\" \/><\/a>Malgr\u00e9 le travail de nos pr\u00e9d\u00e9cesseurs (Hom\u00e8re, la princesse des Mille et une Nuits, les fr\u00e8res Grimm et tous les autres), nous estimons que 97% des histoires sont encore inconnues \u00e0 ce jour, ou oubli\u00e9es.<\/p>\n<p style=\"text-align: justify;\">Nous sommes des <span style=\"color: #800000;\"><strong>\u00ab\u00a0explor-actrices\u00a0\u00bb<\/strong><\/span>, actrices et exploratrices de l\u2019imaginaire. Nous consacrons notre vie \u00e0 notre mission&nbsp;: d\u00e9couvrir de nouvelles histoires. Le d\u00e9fi est immense et nous vous appelons \u00e0 la rescousse&nbsp;pour le relever !<\/p>\n<p style=\"text-align: justify;\"><a href=\"https:\/\/www.lucieglinel.com\/wp-content\/uploads\/2012\/09\/Le-fil-de-lhistoire-4.jpg\"><img decoding=\"async\" class=\"alignleft wp-image-474\" title=\"Le fil de l'histoire 4\" src=\"https:\/\/www.lucieglinel.com\/wp-content\/uploads\/2012\/09\/Le-fil-de-lhistoire-4-225x300.jpg\" alt=\"\" width=\"158\" height=\"210\" srcset=\"https:\/\/www.lucieglinel.com\/wp-content\/uploads\/2012\/09\/Le-fil-de-lhistoire-4-225x300.jpg 225w, https:\/\/www.lucieglinel.com\/wp-content\/uploads\/2012\/09\/Le-fil-de-lhistoire-4.jpg 720w\" sizes=\"(max-width: 158px) 100vw, 158px\" \/><\/a>Embarquez avec nous et suivons ensemble le fil de ces <span style=\"color: #800000;\"><strong>histoires in\u00e9dites<\/strong><\/span>, qui nous entra\u00eenent vers des contr\u00e9es \u00e9tonnantes, peupl\u00e9es de h\u00e9ros qui cherchent d\u00e9sesp\u00e9r\u00e9ment \u00e0 sortir de l\u2019anonymat&nbsp;!<\/p>\n<div style=\"text-align: justify;\">\n<div>\n<blockquote>\n<div><em>Tire le fil de l&rsquo;histoire,<\/em><\/div>\n<\/blockquote>\n<\/div>\n<blockquote>\n<div><em>Accroche tes mots pour voir,&nbsp;<\/em><\/div>\n<div><em>Les contes qui nous entourent&nbsp;<\/em><\/div>\n<div><em>Ne demandent qu&rsquo;\u00e0 voir le jour<\/em>&#8230;<\/div>\n<\/blockquote>\n<div>&nbsp;<\/div>\n<div><span style=\"color: #333333;\">*<\/span><\/div>\n<div>&nbsp;<\/div>\n<p style=\"text-align: left;\"><span style=\"color: #800000;\"><strong>PRINCIPE <\/strong><\/span><a href=\"https:\/\/www.lucieglinel.com\/wp-content\/uploads\/2012\/09\/Le-fil-de-lhistoire-5.jpg\"><img loading=\"lazy\" decoding=\"async\" class=\"alignright wp-image-475\" title=\"Le fil de l'histoire 5\" src=\"https:\/\/www.lucieglinel.com\/wp-content\/uploads\/2012\/09\/Le-fil-de-lhistoire-5-225x300.jpg\" alt=\"\" width=\"158\" height=\"210\" srcset=\"https:\/\/www.lucieglinel.com\/wp-content\/uploads\/2012\/09\/Le-fil-de-lhistoire-5-225x300.jpg 225w, https:\/\/www.lucieglinel.com\/wp-content\/uploads\/2012\/09\/Le-fil-de-lhistoire-5.jpg 720w\" sizes=\"(max-width: 158px) 100vw, 158px\" \/><\/a><\/p>\n<p>Au long du spectacle <span style=\"color: #800000;\"><strong>les explor-actrices improvisent&nbsp;<\/strong><\/span>: tant\u00f4t narratrices, tant\u00f4t personnages, elles inventent toutes sortes d\u2019histoires, en se faisant aider des enfants, apprentis explor-acteurs. C\u2019est \u00e0 eux de commencer l\u2019histoire en <span style=\"color: #800000;\"><strong>inventant un titre<\/strong><\/span>, ou de participer \u00e0 son \u00e9volution en <span style=\"color: #800000;\"><strong>proposant \u00e0 tout moment un mot <\/strong><\/span>(personnage, action, objet, lieu ou \u00e9motion) qui servira de rebondissement.<\/p>\n<p><\/p>\n<div><a href=\"https:\/\/www.lucieglinel.com\/wp-content\/uploads\/2012\/09\/Le-fil-de-lhistoire-3.jpg\"><img loading=\"lazy\" decoding=\"async\" class=\"alignleft wp-image-477\" title=\"Le fil de l'histoire 3\" src=\"https:\/\/www.lucieglinel.com\/wp-content\/uploads\/2012\/09\/Le-fil-de-lhistoire-3-300x225.jpg\" alt=\"\" width=\"240\" height=\"180\" srcset=\"https:\/\/www.lucieglinel.com\/wp-content\/uploads\/2012\/09\/Le-fil-de-lhistoire-3-300x225.jpg 300w, https:\/\/www.lucieglinel.com\/wp-content\/uploads\/2012\/09\/Le-fil-de-lhistoire-3-400x300.jpg 400w, https:\/\/www.lucieglinel.com\/wp-content\/uploads\/2012\/09\/Le-fil-de-lhistoire-3.jpg 960w\" sizes=\"(max-width: 240px) 100vw, 240px\" \/><\/a><\/div>\n<\/div>\n<div style=\"text-align: justify;\">Ce spectacle peut \u00eatre jou\u00e9 en \u00e9coles, biblioth\u00e8ques, centres de loisirs, ccas, salles polyvalentes, chez l&rsquo;habitant&#8230;<\/div>\n<div style=\"text-align: justify;\">Il n\u00e9cessite un espace sc\u00e9nique minimum de 5m (larg.) sur 3m (prof.) sur 3m (haut. sous plafond), et l&rsquo;installation du public en frontal.<\/div>\n<div style=\"text-align: justify;\">L&rsquo;\u00e9clairage et la sonorisation sont facultatifs.<\/div>\n<div style=\"text-align: justify;\"><span style=\"color: #050505;\">*<\/span><\/div>\n<div style=\"text-align: justify;\"><span style=\"color: #050505;\">.<\/span><\/div>\n<div style=\"text-align: justify;\">&nbsp;<\/div>\n<div style=\"text-align: justify;\">&nbsp;<\/div>\n<div style=\"text-align: center;\"><span style=\"color: #050505;\">*<\/span><\/div>\n<div style=\"text-align: center;\"><strong><span style=\"color: #800000;\">EXTRAITS :<\/span><br><\/strong><\/div>\n<div style=\"text-align: justify;\">\n<p>&nbsp;version courte :<\/p>\n<p><iframe title=\"Le fil de l&#039;histoire - teaser (version courte)\" width=\"640\" height=\"360\" src=\"https:\/\/www.youtube.com\/embed\/i-4Uj9fLO0Y?feature=oembed\" frameborder=\"0\" allow=\"accelerometer; autoplay; clipboard-write; encrypted-media; gyroscope; picture-in-picture; web-share\" referrerpolicy=\"strict-origin-when-cross-origin\" allowfullscreen><\/iframe><\/p>\n<\/div>\n<div style=\"text-align: justify;\">version longue :<\/div>\n<div style=\"text-align: justify;\">\n<p><iframe title=\"Le fil de l&#039;histoire - teaser spectacle\" width=\"640\" height=\"360\" src=\"https:\/\/www.youtube.com\/embed\/ZzFOUa9DzzQ?feature=oembed\" frameborder=\"0\" allow=\"accelerometer; autoplay; clipboard-write; encrypted-media; gyroscope; picture-in-picture; web-share\" referrerpolicy=\"strict-origin-when-cross-origin\" allowfullscreen><\/iframe><\/p>\n<\/div>\n<div style=\"text-align: justify;\">&nbsp;*<\/div>\n<p style=\"text-align: center;\"><\/p>\n\n\n<figure class=\"wp-block-embed is-type-video is-provider-youtube wp-block-embed-youtube wp-embed-aspect-16-9 wp-has-aspect-ratio\"><div class=\"wp-block-embed__wrapper\">\n<iframe title=\"Message des explor&#039;actrices,  \u00e0 voir avant le spectacle &quot;Le fil de l&#039;histoire&quot;\" width=\"640\" height=\"360\" src=\"https:\/\/www.youtube.com\/embed\/CAU2FcmmSOA?feature=oembed\" frameborder=\"0\" allow=\"accelerometer; autoplay; clipboard-write; encrypted-media; gyroscope; picture-in-picture; web-share\" referrerpolicy=\"strict-origin-when-cross-origin\" allowfullscreen><\/iframe>\n<\/div><\/figure>\n\n\n\n<ul class=\"wp-block-social-links is-layout-flex wp-block-social-links-is-layout-flex\">\n\n<li class=\"wp-social-link wp-social-link-facebook  wp-block-social-link\"><a href=\"https:\/\/www.facebook.com\/Le-Fil-de-lHistoire-670273243015404\/\" class=\"wp-block-social-link-anchor\"><svg width=\"24\" height=\"24\" viewBox=\"0 0 24 24\" version=\"1.1\" xmlns=\"http:\/\/www.w3.org\/2000\/svg\" aria-hidden=\"true\" focusable=\"false\"><path d=\"M12 2C6.5 2 2 6.5 2 12c0 5 3.7 9.1 8.4 9.9v-7H7.9V12h2.5V9.8c0-2.5 1.5-3.9 3.8-3.9 1.1 0 2.2.2 2.2.2v2.5h-1.3c-1.2 0-1.6.8-1.6 1.6V12h2.8l-.4 2.9h-2.3v7C18.3 21.1 22 17 22 12c0-5.5-4.5-10-10-10z\"><\/path><\/svg><span class=\"wp-block-social-link-label screen-reader-text\">Facebook<\/span><\/a><\/li>\n\n\n\n\n\n\n\n<\/ul>\n\n\n\n<p>Pour recevoir le dossier p\u00e9dagogique du spectacle, contactez-nous !<\/p>\n","protected":false},"excerpt":{"rendered":"<p>Enfants \u00e0 partir de 6 ans \/ familles3 conteuses improvisatrices60 minutes Ou Version pour les 3-6 ans2 com\u00e9diennes45 minutes AVEC, en alternance&nbsp;Aur\u00e9lie DesertLucie GlinelElodie HamainSt\u00e9phanie Vissi\u00e8re Depuis toujours, on raconte des histoires. D\u2019o\u00f9 viennent-elles&nbsp;? Ont-elles toutes \u00e9t\u00e9 d\u00e9couvertes ? Non !&nbsp; Malgr\u00e9 le travail de nos pr\u00e9d\u00e9cesseurs (Hom\u00e8re, la princesse des Mille et une Nuits, les fr\u00e8res Grimm et tous les autres), nous estimons que 97% des histoires sont encore inconnues \u00e0 ce jour, ou oubli\u00e9es. Nous sommes des \u00ab\u00a0explor-actrices\u00a0\u00bb,&#8230;<\/p>\n<p class=\"read-more\"><a class=\"btn btn-default\" href=\"https:\/\/www.lucieglinel.com\/?page_id=466\">Lire la suite<span class=\"screen-reader-text\"> Lire la suite<\/span><\/a><\/p>\n","protected":false},"author":1,"featured_media":0,"parent":2,"menu_order":0,"comment_status":"closed","ping_status":"closed","template":"","meta":{"ngg_post_thumbnail":0,"footnotes":""},"class_list":["post-466","page","type-page","status-publish","hentry"],"_links":{"self":[{"href":"https:\/\/www.lucieglinel.com\/index.php?rest_route=\/wp\/v2\/pages\/466","targetHints":{"allow":["GET"]}}],"collection":[{"href":"https:\/\/www.lucieglinel.com\/index.php?rest_route=\/wp\/v2\/pages"}],"about":[{"href":"https:\/\/www.lucieglinel.com\/index.php?rest_route=\/wp\/v2\/types\/page"}],"author":[{"embeddable":true,"href":"https:\/\/www.lucieglinel.com\/index.php?rest_route=\/wp\/v2\/users\/1"}],"replies":[{"embeddable":true,"href":"https:\/\/www.lucieglinel.com\/index.php?rest_route=%2Fwp%2Fv2%2Fcomments&post=466"}],"version-history":[{"count":27,"href":"https:\/\/www.lucieglinel.com\/index.php?rest_route=\/wp\/v2\/pages\/466\/revisions"}],"predecessor-version":[{"id":1679,"href":"https:\/\/www.lucieglinel.com\/index.php?rest_route=\/wp\/v2\/pages\/466\/revisions\/1679"}],"up":[{"embeddable":true,"href":"https:\/\/www.lucieglinel.com\/index.php?rest_route=\/wp\/v2\/pages\/2"}],"wp:attachment":[{"href":"https:\/\/www.lucieglinel.com\/index.php?rest_route=%2Fwp%2Fv2%2Fmedia&parent=466"}],"curies":[{"name":"wp","href":"https:\/\/api.w.org\/{rel}","templated":true}]}}

Le fil de l&rsquo;histoire &#8211; Spectacle de contes improvisés

<div class="wp-block-columns is-layout-flex wp-container-core-columns-is-layout-9d6595d7 wp-block-columns-is-layout-flex">
<div class="wp-block-column is-layout-flow wp-block-column-is-layout-flow">
<figure class="wp-block-image size-large"><a href="https://www.lucieglinel.com/wp-content/uploads/2024/10/LeFilDeLHistoire-scaled.jpg"><img fetchpriority="high" decoding="async" width="396" height="1024" src="https://www.lucieglinel.com/wp-content/uploads/2024/10/LeFilDeLHistoire-396x1024.jpg" alt="" class="wp-image-1676" srcset="https://www.lucieglinel.com/wp-content/uploads/2024/10/LeFilDeLHistoire-396x1024.jpg 396w, https://www.lucieglinel.com/wp-content/uploads/2024/10/LeFilDeLHistoire-116x300.jpg 116w, https://www.lucieglinel.com/wp-content/uploads/2024/10/LeFilDeLHistoire-768x1987.jpg 768w, https://www.lucieglinel.com/wp-content/uploads/2024/10/LeFilDeLHistoire-594x1536.jpg 594w, https://www.lucieglinel.com/wp-content/uploads/2024/10/LeFilDeLHistoire-791x2048.jpg 791w, https://www.lucieglinel.com/wp-content/uploads/2024/10/LeFilDeLHistoire-scaled.jpg 989w" sizes="(max-width: 396px) 100vw, 396px" /></a></figure>
</div>



<div class="wp-block-column is-layout-flow wp-block-column-is-layout-flow">
<p class="has-text-align-right"><br><strong>Enfants à partir de 6 ans / familles</strong><br><strong>3 conteuses improvisatrices</strong><br><strong>60 minutes</strong></p>



<p class="has-text-align-right">Ou</p>



<p class="has-text-align-right"><meta charset="utf-8"><strong>Version pour les 3-6 ans</strong><br><strong>2 comédiennes</strong><br><strong>45 minutes</strong></p>



<p class="has-text-align-right"><strong>AVEC, en alternance&nbsp;</strong><br>Aurélie Desert<br>Lucie Glinel<br>Elodie Hamain<br>Stéphanie Vissière</p>
</div>
</div>


<p style="text-align: justify;">Depuis toujours, on raconte des histoires. D’où viennent-elles&nbsp;? Ont-elles toutes été découvertes ? <span style="color: #800000;"><strong>Non !&nbsp;</strong></span></p>
<p style="text-align: justify;"><a href="https://www.lucieglinel.com/wp-content/uploads/2012/09/Le-fil-de-lhistoire-2.jpg"><img decoding="async" class="alignright wp-image-473" title="Le fil de l'histoire 2" src="https://www.lucieglinel.com/wp-content/uploads/2012/09/Le-fil-de-lhistoire-2-300x225.jpg" alt="" width="210" height="158" srcset="https://www.lucieglinel.com/wp-content/uploads/2012/09/Le-fil-de-lhistoire-2-300x225.jpg 300w, https://www.lucieglinel.com/wp-content/uploads/2012/09/Le-fil-de-lhistoire-2-400x300.jpg 400w, https://www.lucieglinel.com/wp-content/uploads/2012/09/Le-fil-de-lhistoire-2.jpg 960w" sizes="(max-width: 210px) 100vw, 210px" /></a>Malgré le travail de nos prédécesseurs (Homère, la princesse des Mille et une Nuits, les frères Grimm et tous les autres), nous estimons que 97% des histoires sont encore inconnues à ce jour, ou oubliées.</p>
<p style="text-align: justify;">Nous sommes des <span style="color: #800000;"><strong>« explor-actrices »</strong></span>, actrices et exploratrices de l’imaginaire. Nous consacrons notre vie à notre mission&nbsp;: découvrir de nouvelles histoires. Le défi est immense et nous vous appelons à la rescousse&nbsp;pour le relever !</p>
<p style="text-align: justify;"><a href="https://www.lucieglinel.com/wp-content/uploads/2012/09/Le-fil-de-lhistoire-4.jpg"><img decoding="async" class="alignleft wp-image-474" title="Le fil de l'histoire 4" src="https://www.lucieglinel.com/wp-content/uploads/2012/09/Le-fil-de-lhistoire-4-225x300.jpg" alt="" width="158" height="210" srcset="https://www.lucieglinel.com/wp-content/uploads/2012/09/Le-fil-de-lhistoire-4-225x300.jpg 225w, https://www.lucieglinel.com/wp-content/uploads/2012/09/Le-fil-de-lhistoire-4.jpg 720w" sizes="(max-width: 158px) 100vw, 158px" /></a>Embarquez avec nous et suivons ensemble le fil de ces <span style="color: #800000;"><strong>histoires inédites</strong></span>, qui nous entraînent vers des contrées étonnantes, peuplées de héros qui cherchent désespérément à sortir de l’anonymat&nbsp;!</p>
<div style="text-align: justify;">
<div>
<blockquote>
<div><em>Tire le fil de l&rsquo;histoire,</em></div>
</blockquote>
</div>
<blockquote>
<div><em>Accroche tes mots pour voir,&nbsp;</em></div>
<div><em>Les contes qui nous entourent&nbsp;</em></div>
<div><em>Ne demandent qu&rsquo;à voir le jour</em>&#8230;</div>
</blockquote>
<div>&nbsp;</div>
<div><span style="color: #333333;">*</span></div>
<div>&nbsp;</div>
<p style="text-align: left;"><span style="color: #800000;"><strong>PRINCIPE </strong></span><a href="https://www.lucieglinel.com/wp-content/uploads/2012/09/Le-fil-de-lhistoire-5.jpg"><img loading="lazy" decoding="async" class="alignright wp-image-475" title="Le fil de l'histoire 5" src="https://www.lucieglinel.com/wp-content/uploads/2012/09/Le-fil-de-lhistoire-5-225x300.jpg" alt="" width="158" height="210" srcset="https://www.lucieglinel.com/wp-content/uploads/2012/09/Le-fil-de-lhistoire-5-225x300.jpg 225w, https://www.lucieglinel.com/wp-content/uploads/2012/09/Le-fil-de-lhistoire-5.jpg 720w" sizes="(max-width: 158px) 100vw, 158px" /></a></p>
<p>Au long du spectacle <span style="color: #800000;"><strong>les explor-actrices improvisent&nbsp;</strong></span>: tantôt narratrices, tantôt personnages, elles inventent toutes sortes d’histoires, en se faisant aider des enfants, apprentis explor-acteurs. C’est à eux de commencer l’histoire en <span style="color: #800000;"><strong>inventant un titre</strong></span>, ou de participer à son évolution en <span style="color: #800000;"><strong>proposant à tout moment un mot </strong></span>(personnage, action, objet, lieu ou émotion) qui servira de rebondissement.</p>
<p></p>
<div><a href="https://www.lucieglinel.com/wp-content/uploads/2012/09/Le-fil-de-lhistoire-3.jpg"><img loading="lazy" decoding="async" class="alignleft wp-image-477" title="Le fil de l'histoire 3" src="https://www.lucieglinel.com/wp-content/uploads/2012/09/Le-fil-de-lhistoire-3-300x225.jpg" alt="" width="240" height="180" srcset="https://www.lucieglinel.com/wp-content/uploads/2012/09/Le-fil-de-lhistoire-3-300x225.jpg 300w, https://www.lucieglinel.com/wp-content/uploads/2012/09/Le-fil-de-lhistoire-3-400x300.jpg 400w, https://www.lucieglinel.com/wp-content/uploads/2012/09/Le-fil-de-lhistoire-3.jpg 960w" sizes="(max-width: 240px) 100vw, 240px" /></a></div>
</div>
<div style="text-align: justify;">Ce spectacle peut être joué en écoles, bibliothèques, centres de loisirs, ccas, salles polyvalentes, chez l&rsquo;habitant&#8230;</div>
<div style="text-align: justify;">Il nécessite un espace scénique minimum de 5m (larg.) sur 3m (prof.) sur 3m (haut. sous plafond), et l&rsquo;installation du public en frontal.</div>
<div style="text-align: justify;">L&rsquo;éclairage et la sonorisation sont facultatifs.</div>
<div style="text-align: justify;"><span style="color: #050505;">*</span></div>
<div style="text-align: justify;"><span style="color: #050505;">.</span></div>
<div style="text-align: justify;">&nbsp;</div>
<div style="text-align: justify;">&nbsp;</div>
<div style="text-align: center;"><span style="color: #050505;">*</span></div>
<div style="text-align: center;"><strong><span style="color: #800000;">EXTRAITS :</span><br></strong></div>
<div style="text-align: justify;">
<p>&nbsp;version courte :</p>
<p><iframe title="Le fil de l&#039;histoire - teaser (version courte)" width="640" height="360" src="https://www.youtube.com/embed/i-4Uj9fLO0Y?feature=oembed" frameborder="0" allow="accelerometer; autoplay; clipboard-write; encrypted-media; gyroscope; picture-in-picture; web-share" referrerpolicy="strict-origin-when-cross-origin" allowfullscreen></iframe></p>
</div>
<div style="text-align: justify;">version longue :</div>
<div style="text-align: justify;">
<p><iframe title="Le fil de l&#039;histoire - teaser spectacle" width="640" height="360" src="https://www.youtube.com/embed/ZzFOUa9DzzQ?feature=oembed" frameborder="0" allow="accelerometer; autoplay; clipboard-write; encrypted-media; gyroscope; picture-in-picture; web-share" referrerpolicy="strict-origin-when-cross-origin" allowfullscreen></iframe></p>
</div>
<div style="text-align: justify;">&nbsp;*</div>
<p style="text-align: center;"></p>


<figure class="wp-block-embed is-type-video is-provider-youtube wp-block-embed-youtube wp-embed-aspect-16-9 wp-has-aspect-ratio"><div class="wp-block-embed__wrapper">
<iframe title="Message des explor&#039;actrices,  à voir avant le spectacle &quot;Le fil de l&#039;histoire&quot;" width="640" height="360" src="https://www.youtube.com/embed/CAU2FcmmSOA?feature=oembed" frameborder="0" allow="accelerometer; autoplay; clipboard-write; encrypted-media; gyroscope; picture-in-picture; web-share" referrerpolicy="strict-origin-when-cross-origin" allowfullscreen></iframe>
</div></figure>



<ul class="wp-block-social-links is-layout-flex wp-block-social-links-is-layout-flex">

<li class="wp-social-link wp-social-link-facebook  wp-block-social-link"><a href="https://www.facebook.com/Le-Fil-de-lHistoire-670273243015404/" class="wp-block-social-link-anchor"><svg width="24" height="24" viewBox="0 0 24 24" version="1.1" xmlns="http://www.w3.org/2000/svg" aria-hidden="true" focusable="false"><path d="M12 2C6.5 2 2 6.5 2 12c0 5 3.7 9.1 8.4 9.9v-7H7.9V12h2.5V9.8c0-2.5 1.5-3.9 3.8-3.9 1.1 0 2.2.2 2.2.2v2.5h-1.3c-1.2 0-1.6.8-1.6 1.6V12h2.8l-.4 2.9h-2.3v7C18.3 21.1 22 17 22 12c0-5.5-4.5-10-10-10z"></path></svg><span class="wp-block-social-link-label screen-reader-text">Facebook</span></a></li>







</ul>



<p>Pour recevoir le dossier pédagogique du spectacle, contactez-nous !</p>

<p>Enfants à partir de 6 ans / familles3 conteuses improvisatrices60 minutes Ou Version pour les 3-6 ans2 comédiennes45 minutes AVEC, en alternance&nbsp;Aurélie DesertLucie GlinelElodie HamainStéphanie Vissière Depuis toujours, on raconte des histoires. D’où viennent-elles&nbsp;? Ont-elles toutes été découvertes ? Non !&nbsp; Malgré le travail de nos prédécesseurs (Homère, la princesse des Mille et une Nuits, les frères Grimm et tous les autres), nous estimons que 97% des histoires sont encore inconnues à ce jour, ou oubliées. Nous sommes des « explor-actrices »,&#8230;</p>
<p class="read-more"><a class="btn btn-default" href="https://www.lucieglinel.com/?page_id=466">Lire la suite<span class="screen-reader-text"> Lire la suite</span></a></p>
