{"id":64,"date":"2012-09-13T14:59:26","date_gmt":"2012-09-13T12:59:26","guid":{"rendered":"https:\/\/www.lucieglinel.com\/?page_id=64"},"modified":"2024-10-14T17:16:14","modified_gmt":"2024-10-14T15:16:14","slug":"ernest-le-violon","status":"publish","type":"page","link":"https:\/\/www.lucieglinel.com\/?page_id=64","title":{"rendered":"Ernest le violon"},"content":{"rendered":"<h6 style=\"text-align: right;\"><span style=\"color: #2dd268;\"><strong>18 mois &#8211; 8 ans<\/strong><\/span><\/h6>\n<h6 style=\"text-align: right;\"><span style=\"color: #2dd268;\"><strong>20-30 minutes<\/strong><\/span><\/h6>\n<h6 style=\"text-align: right;\"><span style=\"color: #2dd268;\"><strong>Cr\u00e9ation \u00e9t\u00e9 2005<\/strong><\/span><\/h6>\n<p style=\"text-align: justify;\">\u00a0<a href=\"https:\/\/www.lucieglinel.com\/wp-content\/uploads\/2012\/09\/Ernest-le-violon.jpg\"><img fetchpriority=\"high\" decoding=\"async\" class=\"alignright size-medium wp-image-259\" title=\"Ernest le violon\" src=\"https:\/\/www.lucieglinel.com\/wp-content\/uploads\/2012\/09\/Ernest-le-violon-221x300.jpg\" alt=\"\" width=\"221\" height=\"300\" srcset=\"https:\/\/www.lucieglinel.com\/wp-content\/uploads\/2012\/09\/Ernest-le-violon-221x300.jpg 221w, https:\/\/www.lucieglinel.com\/wp-content\/uploads\/2012\/09\/Ernest-le-violon.jpg 355w\" sizes=\"(max-width: 221px) 100vw, 221px\" \/><\/a><\/p>\n<p style=\"text-align: justify;\">Ce spectacle est l\u2019aboutissement d\u2019une longue histoire de complicit\u00e9 entre une violoniste et son instrument. A fr\u00e9quenter un violon tel qu\u2019Ernest, on attrape vite des envies\u00a0: envie de rire et de pleurer, de faire les fous, de faire la connaissance d\u2019un arbre \u2026 envie surtout de rencontrer le public, de l\u2019emmener au pays o\u00f9 tout est permis, l\u00e0 o\u00f9 le r\u00eave et l\u2019imaginaire sont les rois.<\/p>\n<p>\u00a0<\/p>\n<p>\u00a0<\/p>\n<p>\u00a0<\/p>\n\n\n<figure class=\"wp-block-gallery columns-3 is-cropped wp-block-gallery-1 is-layout-flex wp-block-gallery-is-layout-flex\"><ul class=\"blocks-gallery-grid\"><li class=\"blocks-gallery-item\"><figure><a href=\"https:\/\/www.lucieglinel.com\/wp-content\/uploads\/2018\/03\/lucie-glinel-1-bis-e1521103511503.png\"><img decoding=\"async\" width=\"1024\" height=\"728\" src=\"https:\/\/www.lucieglinel.com\/wp-content\/uploads\/2018\/03\/lucie-glinel-1-bis-e1521103511503-1024x728.png\" alt=\"\" data-id=\"990\" data-full-url=\"https:\/\/www.lucieglinel.com\/wp-content\/uploads\/2018\/03\/lucie-glinel-1-bis-e1521103511503.png\" data-link=\"https:\/\/www.lucieglinel.com\/?attachment_id=990\" class=\"wp-image-990\" srcset=\"https:\/\/www.lucieglinel.com\/wp-content\/uploads\/2018\/03\/lucie-glinel-1-bis-e1521103511503-1024x728.png 1024w, https:\/\/www.lucieglinel.com\/wp-content\/uploads\/2018\/03\/lucie-glinel-1-bis-e1521103511503-300x213.png 300w, https:\/\/www.lucieglinel.com\/wp-content\/uploads\/2018\/03\/lucie-glinel-1-bis-e1521103511503-768x546.png 768w, https:\/\/www.lucieglinel.com\/wp-content\/uploads\/2018\/03\/lucie-glinel-1-bis-e1521103511503-422x300.png 422w\" sizes=\"(max-width: 1024px) 100vw, 1024px\" \/><\/a><\/figure><\/li><li class=\"blocks-gallery-item\"><figure><a href=\"https:\/\/www.lucieglinel.com\/wp-content\/uploads\/2018\/03\/MG_5432-e1521104085119.jpg\"><img decoding=\"async\" width=\"690\" height=\"1024\" src=\"https:\/\/www.lucieglinel.com\/wp-content\/uploads\/2018\/03\/MG_5432-e1521104085119-690x1024.jpg\" alt=\"\" data-id=\"989\" data-full-url=\"https:\/\/www.lucieglinel.com\/wp-content\/uploads\/2018\/03\/MG_5432-e1521104085119.jpg\" data-link=\"https:\/\/www.lucieglinel.com\/?attachment_id=989\" class=\"wp-image-989\" srcset=\"https:\/\/www.lucieglinel.com\/wp-content\/uploads\/2018\/03\/MG_5432-e1521104085119-690x1024.jpg 690w, https:\/\/www.lucieglinel.com\/wp-content\/uploads\/2018\/03\/MG_5432-e1521104085119-202x300.jpg 202w, https:\/\/www.lucieglinel.com\/wp-content\/uploads\/2018\/03\/MG_5432-e1521104085119-768x1140.jpg 768w\" sizes=\"(max-width: 690px) 100vw, 690px\" \/><\/a><\/figure><\/li><li class=\"blocks-gallery-item\"><figure><a href=\"https:\/\/www.lucieglinel.com\/wp-content\/uploads\/2018\/03\/MG_5471.jpg\"><img loading=\"lazy\" decoding=\"async\" width=\"731\" height=\"1024\" src=\"https:\/\/www.lucieglinel.com\/wp-content\/uploads\/2018\/03\/MG_5471-731x1024.jpg\" alt=\"\" data-id=\"988\" data-full-url=\"https:\/\/www.lucieglinel.com\/wp-content\/uploads\/2018\/03\/MG_5471.jpg\" data-link=\"https:\/\/www.lucieglinel.com\/?attachment_id=988\" class=\"wp-image-988\" srcset=\"https:\/\/www.lucieglinel.com\/wp-content\/uploads\/2018\/03\/MG_5471-731x1024.jpg 731w, https:\/\/www.lucieglinel.com\/wp-content\/uploads\/2018\/03\/MG_5471-214x300.jpg 214w, https:\/\/www.lucieglinel.com\/wp-content\/uploads\/2018\/03\/MG_5471-768x1076.jpg 768w\" sizes=\"(max-width: 731px) 100vw, 731px\" \/><\/a><\/figure><\/li><li class=\"blocks-gallery-item\"><figure><a href=\"https:\/\/www.lucieglinel.com\/wp-content\/uploads\/2018\/03\/MG_5497.jpg\"><img loading=\"lazy\" decoding=\"async\" width=\"1024\" height=\"730\" src=\"https:\/\/www.lucieglinel.com\/wp-content\/uploads\/2018\/03\/MG_5497-1024x730.jpg\" alt=\"\" data-id=\"987\" data-full-url=\"https:\/\/www.lucieglinel.com\/wp-content\/uploads\/2018\/03\/MG_5497.jpg\" data-link=\"https:\/\/www.lucieglinel.com\/?attachment_id=987\" class=\"wp-image-987\" srcset=\"https:\/\/www.lucieglinel.com\/wp-content\/uploads\/2018\/03\/MG_5497-1024x730.jpg 1024w, https:\/\/www.lucieglinel.com\/wp-content\/uploads\/2018\/03\/MG_5497-300x214.jpg 300w, https:\/\/www.lucieglinel.com\/wp-content\/uploads\/2018\/03\/MG_5497-768x547.jpg 768w, https:\/\/www.lucieglinel.com\/wp-content\/uploads\/2018\/03\/MG_5497-421x300.jpg 421w\" sizes=\"(max-width: 1024px) 100vw, 1024px\" \/><\/a><\/figure><\/li><\/ul><\/figure>\n","protected":false},"excerpt":{"rendered":"<p>18 mois &#8211; 8 ans 20-30 minutes Cr\u00e9ation \u00e9t\u00e9 2005 \u00a0 Ce spectacle est l\u2019aboutissement d\u2019une longue histoire de complicit\u00e9 entre une violoniste et son instrument. A fr\u00e9quenter un violon tel qu\u2019Ernest, on attrape vite des envies\u00a0: envie de rire et de pleurer, de faire les fous, de faire la connaissance d\u2019un arbre \u2026 envie surtout de rencontrer le public, de l\u2019emmener au pays o\u00f9 tout est permis, l\u00e0 o\u00f9 le r\u00eave et l\u2019imaginaire sont les rois. \u00a0 \u00a0 \u00a0<\/p>\n","protected":false},"author":1,"featured_media":0,"parent":2,"menu_order":0,"comment_status":"closed","ping_status":"open","template":"","meta":{"ngg_post_thumbnail":0,"footnotes":""},"class_list":["post-64","page","type-page","status-publish","hentry"],"_links":{"self":[{"href":"https:\/\/www.lucieglinel.com\/index.php?rest_route=\/wp\/v2\/pages\/64","targetHints":{"allow":["GET"]}}],"collection":[{"href":"https:\/\/www.lucieglinel.com\/index.php?rest_route=\/wp\/v2\/pages"}],"about":[{"href":"https:\/\/www.lucieglinel.com\/index.php?rest_route=\/wp\/v2\/types\/page"}],"author":[{"embeddable":true,"href":"https:\/\/www.lucieglinel.com\/index.php?rest_route=\/wp\/v2\/users\/1"}],"replies":[{"embeddable":true,"href":"https:\/\/www.lucieglinel.com\/index.php?rest_route=%2Fwp%2Fv2%2Fcomments&post=64"}],"version-history":[{"count":12,"href":"https:\/\/www.lucieglinel.com\/index.php?rest_route=\/wp\/v2\/pages\/64\/revisions"}],"predecessor-version":[{"id":1670,"href":"https:\/\/www.lucieglinel.com\/index.php?rest_route=\/wp\/v2\/pages\/64\/revisions\/1670"}],"up":[{"embeddable":true,"href":"https:\/\/www.lucieglinel.com\/index.php?rest_route=\/wp\/v2\/pages\/2"}],"wp:attachment":[{"href":"https:\/\/www.lucieglinel.com\/index.php?rest_route=%2Fwp%2Fv2%2Fmedia&parent=64"}],"curies":[{"name":"wp","href":"https:\/\/api.w.org\/{rel}","templated":true}]}}

<h6 style="text-align: right;"><span style="color: #2dd268;"><strong>18 mois &#8211; 8 ans</strong></span></h6>
<h6 style="text-align: right;"><span style="color: #2dd268;"><strong>20-30 minutes</strong></span></h6>
<h6 style="text-align: right;"><span style="color: #2dd268;"><strong>Création été 2005</strong></span></h6>
<p style="text-align: justify;"> <a href="https://www.lucieglinel.com/wp-content/uploads/2012/09/Ernest-le-violon.jpg"><img fetchpriority="high" decoding="async" class="alignright size-medium wp-image-259" title="Ernest le violon" src="https://www.lucieglinel.com/wp-content/uploads/2012/09/Ernest-le-violon-221x300.jpg" alt="" width="221" height="300" srcset="https://www.lucieglinel.com/wp-content/uploads/2012/09/Ernest-le-violon-221x300.jpg 221w, https://www.lucieglinel.com/wp-content/uploads/2012/09/Ernest-le-violon.jpg 355w" sizes="(max-width: 221px) 100vw, 221px" /></a></p>
<p style="text-align: justify;">Ce spectacle est l’aboutissement d’une longue histoire de complicité entre une violoniste et son instrument. A fréquenter un violon tel qu’Ernest, on attrape vite des envies : envie de rire et de pleurer, de faire les fous, de faire la connaissance d’un arbre … envie surtout de rencontrer le public, de l’emmener au pays où tout est permis, là où le rêve et l’imaginaire sont les rois.</p>
<p> </p>
<p> </p>
<p> </p>


<figure class="wp-block-gallery columns-3 is-cropped wp-block-gallery-1 is-layout-flex wp-block-gallery-is-layout-flex"><ul class="blocks-gallery-grid"><li class="blocks-gallery-item"><figure><a href="https://www.lucieglinel.com/wp-content/uploads/2018/03/lucie-glinel-1-bis-e1521103511503.png"><img decoding="async" width="1024" height="728" src="https://www.lucieglinel.com/wp-content/uploads/2018/03/lucie-glinel-1-bis-e1521103511503-1024x728.png" alt="" data-id="990" data-full-url="https://www.lucieglinel.com/wp-content/uploads/2018/03/lucie-glinel-1-bis-e1521103511503.png" data-link="https://www.lucieglinel.com/?attachment_id=990" class="wp-image-990" srcset="https://www.lucieglinel.com/wp-content/uploads/2018/03/lucie-glinel-1-bis-e1521103511503-1024x728.png 1024w, https://www.lucieglinel.com/wp-content/uploads/2018/03/lucie-glinel-1-bis-e1521103511503-300x213.png 300w, https://www.lucieglinel.com/wp-content/uploads/2018/03/lucie-glinel-1-bis-e1521103511503-768x546.png 768w, https://www.lucieglinel.com/wp-content/uploads/2018/03/lucie-glinel-1-bis-e1521103511503-422x300.png 422w" sizes="(max-width: 1024px) 100vw, 1024px" /></a></figure></li><li class="blocks-gallery-item"><figure><a href="https://www.lucieglinel.com/wp-content/uploads/2018/03/MG_5432-e1521104085119.jpg"><img decoding="async" width="690" height="1024" src="https://www.lucieglinel.com/wp-content/uploads/2018/03/MG_5432-e1521104085119-690x1024.jpg" alt="" data-id="989" data-full-url="https://www.lucieglinel.com/wp-content/uploads/2018/03/MG_5432-e1521104085119.jpg" data-link="https://www.lucieglinel.com/?attachment_id=989" class="wp-image-989" srcset="https://www.lucieglinel.com/wp-content/uploads/2018/03/MG_5432-e1521104085119-690x1024.jpg 690w, https://www.lucieglinel.com/wp-content/uploads/2018/03/MG_5432-e1521104085119-202x300.jpg 202w, https://www.lucieglinel.com/wp-content/uploads/2018/03/MG_5432-e1521104085119-768x1140.jpg 768w" sizes="(max-width: 690px) 100vw, 690px" /></a></figure></li><li class="blocks-gallery-item"><figure><a href="https://www.lucieglinel.com/wp-content/uploads/2018/03/MG_5471.jpg"><img loading="lazy" decoding="async" width="731" height="1024" src="https://www.lucieglinel.com/wp-content/uploads/2018/03/MG_5471-731x1024.jpg" alt="" data-id="988" data-full-url="https://www.lucieglinel.com/wp-content/uploads/2018/03/MG_5471.jpg" data-link="https://www.lucieglinel.com/?attachment_id=988" class="wp-image-988" srcset="https://www.lucieglinel.com/wp-content/uploads/2018/03/MG_5471-731x1024.jpg 731w, https://www.lucieglinel.com/wp-content/uploads/2018/03/MG_5471-214x300.jpg 214w, https://www.lucieglinel.com/wp-content/uploads/2018/03/MG_5471-768x1076.jpg 768w" sizes="(max-width: 731px) 100vw, 731px" /></a></figure></li><li class="blocks-gallery-item"><figure><a href="https://www.lucieglinel.com/wp-content/uploads/2018/03/MG_5497.jpg"><img loading="lazy" decoding="async" width="1024" height="730" src="https://www.lucieglinel.com/wp-content/uploads/2018/03/MG_5497-1024x730.jpg" alt="" data-id="987" data-full-url="https://www.lucieglinel.com/wp-content/uploads/2018/03/MG_5497.jpg" data-link="https://www.lucieglinel.com/?attachment_id=987" class="wp-image-987" srcset="https://www.lucieglinel.com/wp-content/uploads/2018/03/MG_5497-1024x730.jpg 1024w, https://www.lucieglinel.com/wp-content/uploads/2018/03/MG_5497-300x214.jpg 300w, https://www.lucieglinel.com/wp-content/uploads/2018/03/MG_5497-768x547.jpg 768w, https://www.lucieglinel.com/wp-content/uploads/2018/03/MG_5497-421x300.jpg 421w" sizes="(max-width: 1024px) 100vw, 1024px" /></a></figure></li></ul></figure>

<p>18 mois &#8211; 8 ans 20-30 minutes Création été 2005   Ce spectacle est l’aboutissement d’une longue histoire de complicité entre une violoniste et son instrument. A fréquenter un violon tel qu’Ernest, on attrape vite des envies : envie de rire et de pleurer, de faire les fous, de faire la connaissance d’un arbre … envie surtout de rencontrer le public, de l’emmener au pays où tout est permis, là où le rêve et l’imaginaire sont les rois.      </p>
