{"id":70,"date":"2012-09-13T15:04:01","date_gmt":"2012-09-13T13:04:01","guid":{"rendered":"https:\/\/www.lucieglinel.com\/?page_id=70"},"modified":"2024-10-14T17:30:34","modified_gmt":"2024-10-14T15:30:34","slug":"contes-despagne","status":"publish","type":"page","link":"https:\/\/www.lucieglinel.com\/?page_id=70","title":{"rendered":"Contes d&rsquo;Espagne"},"content":{"rendered":"\n<div class=\"wp-block-columns is-layout-flex wp-container-core-columns-is-layout-9d6595d7 wp-block-columns-is-layout-flex\">\n<div class=\"wp-block-column is-layout-flow wp-block-column-is-layout-flow\">\n<figure class=\"wp-block-image size-full\"><a href=\"https:\/\/www.lucieglinel.com\/wp-content\/uploads\/2012\/09\/Contes-dEspagne.jpg\"><img fetchpriority=\"high\" decoding=\"async\" width=\"338\" height=\"500\" src=\"https:\/\/www.lucieglinel.com\/wp-content\/uploads\/2012\/09\/Contes-dEspagne.jpg\" alt=\"\" class=\"wp-image-253\" srcset=\"https:\/\/www.lucieglinel.com\/wp-content\/uploads\/2012\/09\/Contes-dEspagne.jpg 338w, https:\/\/www.lucieglinel.com\/wp-content\/uploads\/2012\/09\/Contes-dEspagne-202x300.jpg 202w\" sizes=\"(max-width: 338px) 100vw, 338px\" \/><\/a><figcaption>Contes d&rsquo;Espagne 3 &#8211; 10 ans<\/figcaption><\/figure>\n<\/div>\n\n\n\n<div class=\"wp-block-column is-layout-flow wp-block-column-is-layout-flow\">\n<h6 class=\"has-text-align-right wp-block-heading\"><br><br><br><span style=\"color:#a30031\" class=\"has-inline-color\"><strong>3-10 ans<\/strong><br><strong>45 minutes<\/strong><br><strong>Cr\u00e9ation novembre 2009<\/strong><br><strong>Recr\u00e9ation : 2020<\/strong><br><strong>Avec Monica Acevedo et Lucie Glinel <\/strong><\/span><\/h6>\n\n\n\n<h6 class=\"has-text-align-right wp-block-heading\"><span style=\"color:#a30031\" class=\"has-inline-color\"><strong>Mise   en sc\u00e8ne : Fran\u00e7ois Valancony<\/strong> <\/span><br><\/h6>\n\n\n\n<p class=\"has-text-align-right\"><br><strong>Version raccourcie pour les enfants de petite section de maternelle.<\/strong><br><\/p>\n<\/div>\n<\/div>\n\n\n\n<p>Des histoires qui sentent bon l&rsquo;Espagne :<br>\u00ab\u00a0Garbanzito\u00a0\u00bb : un bonhomme pas plus grand qu&rsquo;un pois chiche, espi\u00e8gle et<br>rigolo \u00e0 souhait.<br>\u00ab\u00a0La ratita presumida\u00a0\u00bb : une petite souris tr\u00e8s coquette, qui cherche un mari \u2026<br>Sur le chemin vers l\u2019amour, elle refuse quelques beaux partis, et succombe<br>finalement pour le bel Ernesto. Elle aurait d\u00fb se m\u00e9fier de ce magnifique chat<br>\u2026 Va-t-elle s\u2019en sortir ?<\/p>\n\n\n\n<p>\u00ab\u00a0La caperucita roja, ou le petit chaperon rouge\u00a0\u00bb : Lucie, qui a grandi en<br>Picardie et Monica, dans les Asturies espagnoles, ont toutes les 2 \u00e9t\u00e9 berc\u00e9es<br>par cette histoire terrible \u2026 Elles vous racontent leur propre version de ce fait<br>divers.<br>Ces histoires sont racont\u00e9es en fran\u00e7ais, avec quelques chansonnettes et<br>quelques clins d&rsquo;oeil en espagnol.<br>Monica, influenc\u00e9e par ses origines espagnoles, et ses rencontres musicales<br>(musique classique, jazz manouche, blues, swing, musique du monde), s\u2019amuse dans ce<br>spectacle \u00e0 cr\u00e9er des ambiances sonores aux couleurs vari\u00e9es et \u00e9clatantes.<br>Habitu\u00e9es \u00e0 l\u2019improvisation, Monica et Lucie jouent et rebondissent sur les<br>r\u00e9actions du public.<\/p>\n\n\n\n<figure class=\"wp-block-gallery columns-3 is-cropped wp-block-gallery-1 is-layout-flex wp-block-gallery-is-layout-flex\"><ul class=\"blocks-gallery-grid\"><li class=\"blocks-gallery-item\"><figure><a href=\"https:\/\/www.lucieglinel.com\/wp-content\/uploads\/2024\/10\/131350056_492987145253369_4000452551487770933_n-1024x683.jpeg\"><img decoding=\"async\" width=\"1024\" height=\"683\" src=\"https:\/\/www.lucieglinel.com\/wp-content\/uploads\/2024\/10\/131350056_492987145253369_4000452551487770933_n-1024x683.jpeg\" alt=\"\" data-id=\"1681\" data-link=\"https:\/\/www.lucieglinel.com\/?attachment_id=1681\" class=\"wp-image-1681\" srcset=\"https:\/\/www.lucieglinel.com\/wp-content\/uploads\/2024\/10\/131350056_492987145253369_4000452551487770933_n-1024x683.jpeg 1024w, https:\/\/www.lucieglinel.com\/wp-content\/uploads\/2024\/10\/131350056_492987145253369_4000452551487770933_n-300x200.jpeg 300w, https:\/\/www.lucieglinel.com\/wp-content\/uploads\/2024\/10\/131350056_492987145253369_4000452551487770933_n-768x512.jpeg 768w, https:\/\/www.lucieglinel.com\/wp-content\/uploads\/2024\/10\/131350056_492987145253369_4000452551487770933_n-1536x1024.jpeg 1536w, https:\/\/www.lucieglinel.com\/wp-content\/uploads\/2024\/10\/131350056_492987145253369_4000452551487770933_n-450x300.jpeg 450w, https:\/\/www.lucieglinel.com\/wp-content\/uploads\/2024\/10\/131350056_492987145253369_4000452551487770933_n.jpeg 1783w\" sizes=\"(max-width: 1024px) 100vw, 1024px\" \/><\/a><\/figure><\/li><li class=\"blocks-gallery-item\"><figure><a href=\"https:\/\/www.lucieglinel.com\/wp-content\/uploads\/2024\/10\/199218576_492986918586725_6020194948967971948_n-683x1024.jpeg\"><img decoding=\"async\" width=\"683\" height=\"1024\" src=\"https:\/\/www.lucieglinel.com\/wp-content\/uploads\/2024\/10\/199218576_492986918586725_6020194948967971948_n-683x1024.jpeg\" alt=\"\" data-id=\"1682\" data-link=\"https:\/\/www.lucieglinel.com\/?attachment_id=1682\" class=\"wp-image-1682\" srcset=\"https:\/\/www.lucieglinel.com\/wp-content\/uploads\/2024\/10\/199218576_492986918586725_6020194948967971948_n-683x1024.jpeg 683w, https:\/\/www.lucieglinel.com\/wp-content\/uploads\/2024\/10\/199218576_492986918586725_6020194948967971948_n-200x300.jpeg 200w, https:\/\/www.lucieglinel.com\/wp-content\/uploads\/2024\/10\/199218576_492986918586725_6020194948967971948_n-768x1152.jpeg 768w, https:\/\/www.lucieglinel.com\/wp-content\/uploads\/2024\/10\/199218576_492986918586725_6020194948967971948_n-1024x1536.jpeg 1024w, https:\/\/www.lucieglinel.com\/wp-content\/uploads\/2024\/10\/199218576_492986918586725_6020194948967971948_n.jpeg 1365w\" sizes=\"(max-width: 683px) 100vw, 683px\" \/><\/a><\/figure><\/li><li class=\"blocks-gallery-item\"><figure><a href=\"https:\/\/www.lucieglinel.com\/wp-content\/uploads\/2024\/10\/200432366_492986831920067_4275304126479018321_n.jpeg\"><img loading=\"lazy\" decoding=\"async\" width=\"683\" height=\"1024\" src=\"https:\/\/www.lucieglinel.com\/wp-content\/uploads\/2024\/10\/200432366_492986831920067_4275304126479018321_n-683x1024.jpeg\" alt=\"\" data-id=\"1683\" data-full-url=\"https:\/\/www.lucieglinel.com\/wp-content\/uploads\/2024\/10\/200432366_492986831920067_4275304126479018321_n.jpeg\" data-link=\"https:\/\/www.lucieglinel.com\/?attachment_id=1683\" class=\"wp-image-1683\" srcset=\"https:\/\/www.lucieglinel.com\/wp-content\/uploads\/2024\/10\/200432366_492986831920067_4275304126479018321_n-683x1024.jpeg 683w, https:\/\/www.lucieglinel.com\/wp-content\/uploads\/2024\/10\/200432366_492986831920067_4275304126479018321_n-200x300.jpeg 200w, https:\/\/www.lucieglinel.com\/wp-content\/uploads\/2024\/10\/200432366_492986831920067_4275304126479018321_n-768x1152.jpeg 768w, https:\/\/www.lucieglinel.com\/wp-content\/uploads\/2024\/10\/200432366_492986831920067_4275304126479018321_n-1024x1536.jpeg 1024w, https:\/\/www.lucieglinel.com\/wp-content\/uploads\/2024\/10\/200432366_492986831920067_4275304126479018321_n.jpeg 1365w\" sizes=\"(max-width: 683px) 100vw, 683px\" \/><\/a><\/figure><\/li><\/ul><\/figure>\n","protected":false},"excerpt":{"rendered":"<p>3-10 ans45 minutesCr\u00e9ation novembre 2009Recr\u00e9ation : 2020Avec Monica Acevedo et Lucie Glinel Mise en sc\u00e8ne : Fran\u00e7ois Valancony Version raccourcie pour les enfants de petite section de maternelle. Des histoires qui sentent bon l&rsquo;Espagne :\u00ab\u00a0Garbanzito\u00a0\u00bb : un bonhomme pas plus grand qu&rsquo;un pois chiche, espi\u00e8gle etrigolo \u00e0 souhait.\u00ab\u00a0La ratita presumida\u00a0\u00bb : une petite souris tr\u00e8s coquette, qui cherche un mari \u2026Sur le chemin vers l\u2019amour, elle refuse quelques beaux partis, et succombefinalement pour le bel Ernesto. Elle aurait d\u00fb se&#8230;<\/p>\n<p class=\"read-more\"><a class=\"btn btn-default\" href=\"https:\/\/www.lucieglinel.com\/?page_id=70\">Lire la suite<span class=\"screen-reader-text\"> Lire la suite<\/span><\/a><\/p>\n","protected":false},"author":1,"featured_media":0,"parent":2,"menu_order":0,"comment_status":"closed","ping_status":"open","template":"","meta":{"ngg_post_thumbnail":0,"footnotes":""},"class_list":["post-70","page","type-page","status-publish","hentry"],"_links":{"self":[{"href":"https:\/\/www.lucieglinel.com\/index.php?rest_route=\/wp\/v2\/pages\/70","targetHints":{"allow":["GET"]}}],"collection":[{"href":"https:\/\/www.lucieglinel.com\/index.php?rest_route=\/wp\/v2\/pages"}],"about":[{"href":"https:\/\/www.lucieglinel.com\/index.php?rest_route=\/wp\/v2\/types\/page"}],"author":[{"embeddable":true,"href":"https:\/\/www.lucieglinel.com\/index.php?rest_route=\/wp\/v2\/users\/1"}],"replies":[{"embeddable":true,"href":"https:\/\/www.lucieglinel.com\/index.php?rest_route=%2Fwp%2Fv2%2Fcomments&post=70"}],"version-history":[{"count":31,"href":"https:\/\/www.lucieglinel.com\/index.php?rest_route=\/wp\/v2\/pages\/70\/revisions"}],"predecessor-version":[{"id":1684,"href":"https:\/\/www.lucieglinel.com\/index.php?rest_route=\/wp\/v2\/pages\/70\/revisions\/1684"}],"up":[{"embeddable":true,"href":"https:\/\/www.lucieglinel.com\/index.php?rest_route=\/wp\/v2\/pages\/2"}],"wp:attachment":[{"href":"https:\/\/www.lucieglinel.com\/index.php?rest_route=%2Fwp%2Fv2%2Fmedia&parent=70"}],"curies":[{"name":"wp","href":"https:\/\/api.w.org\/{rel}","templated":true}]}}