{"id":72,"date":"2012-09-13T15:04:26","date_gmt":"2012-09-13T13:04:26","guid":{"rendered":"https:\/\/www.lucieglinel.com\/?page_id=72"},"modified":"2024-10-14T16:35:28","modified_gmt":"2024-10-14T14:35:28","slug":"une-vie-dans-les-arbres","status":"publish","type":"page","link":"https:\/\/www.lucieglinel.com\/?page_id=72","title":{"rendered":"Une vie dans les arbres"},"content":{"rendered":"<p><span style=\"color: #ff0000;\">Avec Lucie Glinel et Emilien M\u00e9dail<\/span><br><span style=\"color: #ff0000;\">Tout public<\/span><br><span style=\"color: #ff0000;\">45 minutes<\/span><br><span style=\"color: #ff0000;\">Cr\u00e9ation \u00e9t\u00e9 2009, par Lucie Glinel et Laurent Taris<\/span><\/p>\n<p><a href=\"https:\/\/www.lucieglinel.com\/wp-content\/uploads\/2012\/09\/Une-vie-dans-les-arbres.jpg\"><img fetchpriority=\"high\" decoding=\"async\" class=\"alignright wp-image-270\" title=\"Une vie dans les arbres\" src=\"https:\/\/www.lucieglinel.com\/wp-content\/uploads\/2012\/09\/Une-vie-dans-les-arbres.jpg\" alt=\"\" width=\"800\" height=\"268\" srcset=\"https:\/\/www.lucieglinel.com\/wp-content\/uploads\/2012\/09\/Une-vie-dans-les-arbres.jpg 800w, https:\/\/www.lucieglinel.com\/wp-content\/uploads\/2012\/09\/Une-vie-dans-les-arbres-300x100.jpg 300w, https:\/\/www.lucieglinel.com\/wp-content\/uploads\/2012\/09\/Une-vie-dans-les-arbres-500x167.jpg 500w\" sizes=\"(max-width: 800px) 100vw, 800px\" \/><\/a><\/p>\n<p style=\"text-align: justify;\">&nbsp;Dans la r\u00e9gion d\u2019Artalie, il fut un temps o\u00f9 la for\u00eat s\u2019\u00e9tendait \u00e0 perte de vue. C\u2019est \u00e0 cette \u00e9poque qu\u2019a v\u00e9cu Paul, jeune gar\u00e7on t\u00eatu qui, un jour de grand caprice, grimpe dans un arbre et d\u00e9cide de ne plus jamais poser un pied par terre. C\u2019est alors que commence l\u2019aventure. Du haut de ses arbres, Paul fait parler toute la r\u00e9gion. Chacun a son mot \u00e0 dire sur cet excentrique, ce fou \u00e0 lier, ce jeune homme captivant.<\/p>\n<p style=\"text-align: justify;\">\u00c0 la mani\u00e8re des troubadours, Lucie Glinel et Emilien M\u00e9dail, l\u2019une au sol avec son violon, l\u2019autre sur son trap\u00e8ze dans un arbre, racontent cette vie incroyable, cet homme obstin\u00e9, ses exploits, ses amours \u2026 Une histoire \u00e0 grimper aux arbres&nbsp;!<\/p>\n<p style=\"text-align: justify;\"><span style=\"color: #ff0000;\"><a href=\"https:\/\/www.lucieglinel.com\/wp-content\/uploads\/2012\/09\/Une-vie-5.jpg\"><img decoding=\"async\" class=\"alignleft wp-image-273\" title=\"Une vie 5\" src=\"https:\/\/www.lucieglinel.com\/wp-content\/uploads\/2012\/09\/Une-vie-5-201x300.jpg\" alt=\"\" width=\"121\" height=\"180\" srcset=\"https:\/\/www.lucieglinel.com\/wp-content\/uploads\/2012\/09\/Une-vie-5-201x300.jpg 201w, https:\/\/www.lucieglinel.com\/wp-content\/uploads\/2012\/09\/Une-vie-5.jpg 402w\" sizes=\"(max-width: 121px) 100vw, 121px\" \/><\/a><\/span><span style=\"color: #ff0000;\">Deux versions possibles :<\/span><br>&#8211; Pour une conteuse et un trap\u00e9ziste<br>&#8211; Pour une conteuse seule<\/p>\n<p><span style=\"color: #ff0000;\">Fiche technique :<\/span><br>&#8211; Une branche solide (ou un moyen d&rsquo;accroche situ\u00e9 entre 5 et 10 m du sol)<br>&#8211; Peut \u00eatre jou\u00e9 en int\u00e9rieur et en ext\u00e9rieur.<\/p>\n<p><span style=\"color: #ff0000;\"><a href=\"https:\/\/www.lucieglinel.com\/wp-content\/uploads\/2012\/09\/Une-vie-4.jpg\"><img decoding=\"async\" class=\"alignright wp-image-274\" title=\"Une vie 4\" src=\"https:\/\/www.lucieglinel.com\/wp-content\/uploads\/2012\/09\/Une-vie-4-300x225.jpg\" alt=\"\" width=\"162\" height=\"122\" srcset=\"https:\/\/www.lucieglinel.com\/wp-content\/uploads\/2012\/09\/Une-vie-4-300x225.jpg 300w, https:\/\/www.lucieglinel.com\/wp-content\/uploads\/2012\/09\/Une-vie-4-400x300.jpg 400w, https:\/\/www.lucieglinel.com\/wp-content\/uploads\/2012\/09\/Une-vie-4.jpg 640w\" sizes=\"(max-width: 162px) 100vw, 162px\" \/><\/a><\/span><\/p>\n\n\n<figure class=\"wp-block-embed is-type-video is-provider-youtube wp-block-embed-youtube wp-embed-aspect-16-9 wp-has-aspect-ratio\"><div class=\"wp-block-embed__wrapper\">\n<iframe title=\"Une vie dans les arbres\" width=\"640\" height=\"360\" src=\"https:\/\/www.youtube.com\/embed\/ZQNN8qr9v9g?feature=oembed\" frameborder=\"0\" allow=\"accelerometer; autoplay; clipboard-write; encrypted-media; gyroscope; picture-in-picture; web-share\" referrerpolicy=\"strict-origin-when-cross-origin\" allowfullscreen><\/iframe>\n<\/div><\/figure>\n","protected":false},"excerpt":{"rendered":"<p>Avec Lucie Glinel et Emilien M\u00e9dailTout public45 minutesCr\u00e9ation \u00e9t\u00e9 2009, par Lucie Glinel et Laurent Taris &nbsp;Dans la r\u00e9gion d\u2019Artalie, il fut un temps o\u00f9 la for\u00eat s\u2019\u00e9tendait \u00e0 perte de vue. C\u2019est \u00e0 cette \u00e9poque qu\u2019a v\u00e9cu Paul, jeune gar\u00e7on t\u00eatu qui, un jour de grand caprice, grimpe dans un arbre et d\u00e9cide de ne plus jamais poser un pied par terre. C\u2019est alors que commence l\u2019aventure. Du haut de ses arbres, Paul fait parler toute la r\u00e9gion. Chacun&#8230;<\/p>\n<p class=\"read-more\"><a class=\"btn btn-default\" href=\"https:\/\/www.lucieglinel.com\/?page_id=72\">Lire la suite<span class=\"screen-reader-text\"> Lire la suite<\/span><\/a><\/p>\n","protected":false},"author":1,"featured_media":0,"parent":49,"menu_order":0,"comment_status":"closed","ping_status":"open","template":"","meta":{"ngg_post_thumbnail":0,"footnotes":""},"class_list":["post-72","page","type-page","status-publish","hentry"],"_links":{"self":[{"href":"https:\/\/www.lucieglinel.com\/index.php?rest_route=\/wp\/v2\/pages\/72","targetHints":{"allow":["GET"]}}],"collection":[{"href":"https:\/\/www.lucieglinel.com\/index.php?rest_route=\/wp\/v2\/pages"}],"about":[{"href":"https:\/\/www.lucieglinel.com\/index.php?rest_route=\/wp\/v2\/types\/page"}],"author":[{"embeddable":true,"href":"https:\/\/www.lucieglinel.com\/index.php?rest_route=\/wp\/v2\/users\/1"}],"replies":[{"embeddable":true,"href":"https:\/\/www.lucieglinel.com\/index.php?rest_route=%2Fwp%2Fv2%2Fcomments&post=72"}],"version-history":[{"count":20,"href":"https:\/\/www.lucieglinel.com\/index.php?rest_route=\/wp\/v2\/pages\/72\/revisions"}],"predecessor-version":[{"id":1653,"href":"https:\/\/www.lucieglinel.com\/index.php?rest_route=\/wp\/v2\/pages\/72\/revisions\/1653"}],"up":[{"embeddable":true,"href":"https:\/\/www.lucieglinel.com\/index.php?rest_route=\/wp\/v2\/pages\/49"}],"wp:attachment":[{"href":"https:\/\/www.lucieglinel.com\/index.php?rest_route=%2Fwp%2Fv2%2Fmedia&parent=72"}],"curies":[{"name":"wp","href":"https:\/\/api.w.org\/{rel}","templated":true}]}}

<p><span style="color: #ff0000;">Avec Lucie Glinel et Emilien Médail</span><br><span style="color: #ff0000;">Tout public</span><br><span style="color: #ff0000;">45 minutes</span><br><span style="color: #ff0000;">Création été 2009, par Lucie Glinel et Laurent Taris</span></p>
<p><a href="https://www.lucieglinel.com/wp-content/uploads/2012/09/Une-vie-dans-les-arbres.jpg"><img fetchpriority="high" decoding="async" class="alignright wp-image-270" title="Une vie dans les arbres" src="https://www.lucieglinel.com/wp-content/uploads/2012/09/Une-vie-dans-les-arbres.jpg" alt="" width="800" height="268" srcset="https://www.lucieglinel.com/wp-content/uploads/2012/09/Une-vie-dans-les-arbres.jpg 800w, https://www.lucieglinel.com/wp-content/uploads/2012/09/Une-vie-dans-les-arbres-300x100.jpg 300w, https://www.lucieglinel.com/wp-content/uploads/2012/09/Une-vie-dans-les-arbres-500x167.jpg 500w" sizes="(max-width: 800px) 100vw, 800px" /></a></p>
<p style="text-align: justify;">&nbsp;Dans la région d’Artalie, il fut un temps où la forêt s’étendait à perte de vue. C’est à cette époque qu’a vécu Paul, jeune garçon têtu qui, un jour de grand caprice, grimpe dans un arbre et décide de ne plus jamais poser un pied par terre. C’est alors que commence l’aventure. Du haut de ses arbres, Paul fait parler toute la région. Chacun a son mot à dire sur cet excentrique, ce fou à lier, ce jeune homme captivant.</p>
<p style="text-align: justify;">À la manière des troubadours, Lucie Glinel et Emilien Médail, l’une au sol avec son violon, l’autre sur son trapèze dans un arbre, racontent cette vie incroyable, cet homme obstiné, ses exploits, ses amours … Une histoire à grimper aux arbres&nbsp;!</p>
<p style="text-align: justify;"><span style="color: #ff0000;"><a href="https://www.lucieglinel.com/wp-content/uploads/2012/09/Une-vie-5.jpg"><img decoding="async" class="alignleft wp-image-273" title="Une vie 5" src="https://www.lucieglinel.com/wp-content/uploads/2012/09/Une-vie-5-201x300.jpg" alt="" width="121" height="180" srcset="https://www.lucieglinel.com/wp-content/uploads/2012/09/Une-vie-5-201x300.jpg 201w, https://www.lucieglinel.com/wp-content/uploads/2012/09/Une-vie-5.jpg 402w" sizes="(max-width: 121px) 100vw, 121px" /></a></span><span style="color: #ff0000;">Deux versions possibles :</span><br>&#8211; Pour une conteuse et un trapéziste<br>&#8211; Pour une conteuse seule</p>
<p><span style="color: #ff0000;">Fiche technique :</span><br>&#8211; Une branche solide (ou un moyen d&rsquo;accroche situé entre 5 et 10 m du sol)<br>&#8211; Peut être joué en intérieur et en extérieur.</p>
<p><span style="color: #ff0000;"><a href="https://www.lucieglinel.com/wp-content/uploads/2012/09/Une-vie-4.jpg"><img decoding="async" class="alignright wp-image-274" title="Une vie 4" src="https://www.lucieglinel.com/wp-content/uploads/2012/09/Une-vie-4-300x225.jpg" alt="" width="162" height="122" srcset="https://www.lucieglinel.com/wp-content/uploads/2012/09/Une-vie-4-300x225.jpg 300w, https://www.lucieglinel.com/wp-content/uploads/2012/09/Une-vie-4-400x300.jpg 400w, https://www.lucieglinel.com/wp-content/uploads/2012/09/Une-vie-4.jpg 640w" sizes="(max-width: 162px) 100vw, 162px" /></a></span></p>


<figure class="wp-block-embed is-type-video is-provider-youtube wp-block-embed-youtube wp-embed-aspect-16-9 wp-has-aspect-ratio"><div class="wp-block-embed__wrapper">
<iframe title="Une vie dans les arbres" width="640" height="360" src="https://www.youtube.com/embed/ZQNN8qr9v9g?feature=oembed" frameborder="0" allow="accelerometer; autoplay; clipboard-write; encrypted-media; gyroscope; picture-in-picture; web-share" referrerpolicy="strict-origin-when-cross-origin" allowfullscreen></iframe>
</div></figure>

<p>Avec Lucie Glinel et Emilien MédailTout public45 minutesCréation été 2009, par Lucie Glinel et Laurent Taris &nbsp;Dans la région d’Artalie, il fut un temps où la forêt s’étendait à perte de vue. C’est à cette époque qu’a vécu Paul, jeune garçon têtu qui, un jour de grand caprice, grimpe dans un arbre et décide de ne plus jamais poser un pied par terre. C’est alors que commence l’aventure. Du haut de ses arbres, Paul fait parler toute la région. Chacun&#8230;</p>
<p class="read-more"><a class="btn btn-default" href="https://www.lucieglinel.com/?page_id=72">Lire la suite<span class="screen-reader-text"> Lire la suite</span></a></p>
