{"id":79,"date":"2012-09-13T15:06:51","date_gmt":"2012-09-13T13:06:51","guid":{"rendered":"https:\/\/www.lucieglinel.com\/?page_id=79"},"modified":"2022-01-24T16:50:17","modified_gmt":"2022-01-24T15:50:17","slug":"liens","status":"publish","type":"page","link":"https:\/\/www.lucieglinel.com\/?page_id=79","title":{"rendered":"Liens"},"content":{"rendered":"<div>\n<div>\u00a0<\/div>\n<div>\n<div><a href=\"http:\/\/www.alliancesvideo.com\/\">Alliances vid\u00e9o<\/a><\/div>\n<div>Patrick a r\u00e9alis\u00e9 le teaser de \u00ab\u00a0C&rsquo;est No\u00ebl ! Enfin &#8230; presque\u00a0\u00bb<\/div>\n<div>\u00a0<\/div>\n<\/div>\n<div><a href=\"https:\/\/www.chloefidanzi.fr\/\">Chlo\u00eb Fidanzi<\/a><\/div>\n<div>Chlo\u00eb a r\u00e9alis\u00e9 les teasers de \u00ab\u00a0Les gens qui doutent\u00a0\u00bb et de \u00ab\u00a0Improforum\u00a0\u00bb<\/div>\n<div>\u00a0<\/div>\n<div><a href=\"https:\/\/simonecinelli.com\/\">Simone Cinelli<\/a><\/div>\n<div>Simone a r\u00e9alis\u00e9 le teaser de \u00ab\u00a0Une vie dans les arbres\u00a0\u00bb<\/div>\n<\/div>\n<div>\u00a0<\/div>\n<div><a href=\"https:\/\/www.youtube.com\/channel\/UCJlaj0EPRgknUdHO5e9HgeQ\">Les graphistoleurs<\/a><\/div>\n<div>Les graphistoleurs ont r\u00e9alis\u00e9 le teaser de \u00ab\u00a0Le fil de l&rsquo;histoire\u00a0\u00bb<\/div>\n<div>\u00a0<\/div>\n<div><a href=\"https:\/\/www.youtube.com\/channel\/UCqd5P8L9k9yCug3r41bFpfw\">Marchal Visual<\/a><\/div>\n<div>Marchal a r\u00e9alis\u00e9 le teaser de \u00ab\u00a0Les lavandi\u00e8res\u00a0\u00bb<\/div>\n<div>\u00a0<\/div>\n<div>\n<div><a href=\"https:\/\/www.mimethik.pub\/\" target=\"_blank\" rel=\"noopener\">Mim\u00e9thik<\/a><\/div>\n<\/div>\n<div>Une aide pr\u00e9cieuse pour la communication<\/div>\n<div>\u00a0<\/div>\n<div>\n<div><a title=\"Bertrand de Sola\" href=\"http:\/\/affichesdivagus.blogspot.com\/\" target=\"_blank\" rel=\"noopener noreferrer\">Bertrand de Sola<\/a><\/div>\n<div>C\u2019est lui qui a fait tous les dessins de ce site.<\/div>\n<div>\u00a0<\/div>\n<\/div>\n<div><a href=\"https:\/\/le-liv-77.jimdofree.com\/\" target=\"_blank\" rel=\"noopener\">Le LIV<\/a><\/div>\n<div>\n<div>Ligue d&rsquo;improvisation de Valence en Brie<\/div>\n<div>\u00a0<\/div>\n<\/div>\n<div><a href=\"http:\/\/www.baganbagan-theatreforum.fr\/\" target=\"_blank\" rel=\"noopener\">La Cie Bagan bagaN<\/a><\/div>\n<div>Compagnie de Th\u00e9\u00e2tre forum<\/div>\n<div>\u00a0<\/div>\n<div><a href=\"https:\/\/www.ciedelintermezzo.com\/\" target=\"_blank\" rel=\"noopener\">Cie del Intermezzo<\/a><\/div>\n<div>Compagnie de th\u00e9\u00e2tre Seine et Marnaise<\/div>\n<div>\u00a0<\/div>\n<div><a href=\"https:\/\/www.emmanuellefontanaconteuse.fr\/\" target=\"_blank\" rel=\"noopener\">Emmanuelle Fontana<\/a><\/div>\n<div>Conteuse gourmande de tout<\/div>\n<div>\u00a0<\/div>\n<div>\n<div>\n<div><a href=\"https:\/\/impro-lism.blogspot.com\/\" target=\"_blank\" rel=\"noopener noreferrer\">La LISM<\/a><\/div>\n<div>Ligue d\u2019improvisation de Seine et Marne.<\/div>\n<div>\u00a0<\/div>\n<\/div>\n<div>\u00a0<\/div>\n<\/div>\n<div><a href=\"http:\/\/atelierbonnegraine.free.fr\/\" target=\"_blank\" rel=\"noopener noreferrer\">Atelier de la Bonne Graine<\/a><\/div>\n<div>Sympathique th\u00e9\u00e2tre jeune public, Paris 11\u00e8me<\/div>\n<div>\n<div>\u00a0<\/div>\n<\/div>\n<div>\u00a0<\/div>\n<div><a href=\"http:\/\/www.arrreuh.com\/\" target=\"_blank\" rel=\"noopener noreferrer\">ARRREUH<\/a><\/div>\n<div>Des gens biens qui se bougent beaucoup pour la promotion du spectacle jeune public.<\/div>\n<div>\u00a0<\/div>\n<div><a href=\"https:\/\/www.facebook.com\/lequotidiendessanspapiers\/\" target=\"_blank\" rel=\"noopener noreferrer\">Le quotidien des sans papiers\u00a0<\/a><\/div>\n<div>Bulletin d\u2019information et d\u2019alerte<\/div>\n<div>\u00a0<\/div>\n<div><a href=\"https:\/\/sites.google.com\/site\/sophieperes\/\" target=\"_blank\" rel=\"noopener noreferrer\">Sophie P\u00e9r\u00e8s<\/a><\/div>\n<div>Conteuse. Elle fait rire &#8230; un peu jaune.<\/div>\n<div>\u00a0<\/div>\n<div>\n<div><a href=\"https:\/\/cristine-conteuse.monsite-orange.fr\/\" target=\"_blank\" rel=\"noopener noreferrer\">Cristine\u00a0<\/a><\/div>\n<div>Conteuse tous terrains<\/div>\n<\/div>\n<div>\u00a0<\/div>\n<div><a href=\"https:\/\/www.facebook.com\/LaLicoeur\" target=\"_blank\" rel=\"noopener noreferrer\">Licoeur\u00a0<\/a><\/div>\n<div>Ligue d\u2019improvisation th\u00e9\u00e2trale, une bande de joyeux fous, \u00e0 Bordeaux.<\/div>\n<div>\u00a0<\/div>\n<div><a href=\"http:\/\/www.rgpe.u-bordeaux2.fr\/\" target=\"_blank\" rel=\"noopener noreferrer\">RPGE\u00a0<\/a><\/div>\n<div>R\u00e9seau girondin petite enfance<\/div>\n<div>\u00a0<\/div>\n<div><a href=\"http:\/\/www.occe33.net\/\" target=\"_blank\" rel=\"noopener noreferrer\">OCCE 33\u00a0<\/a><\/div>\n<div>Office central de coop\u00e9ration des \u00e9coles<\/div>\n<div>\u00a0<\/div>\n<div>\n<div><a href=\"https:\/\/diomede.monsite-orange.fr\/\" target=\"_blank\" rel=\"noopener noreferrer\">Chez Diom\u00e8de\u00a0<\/a><\/div>\n<div>Une bonne adresse pour \u00e9couter des conteurs (et pour conter \u2026) \u00e0 bordeaux<\/div>\n<\/div>\n<div>\u00a0<\/div>\n<div><a href=\"http:\/\/zephirin.blogspirit.com\/\" target=\"_blank\" rel=\"noopener noreferrer\">Le Z\u00e9phyrin<\/a><\/div>\n<div>Cabarexp\u00e9rimental, un lieu hors du commun dans la campagne girondine.<\/div>\n<div>\u00a0<\/div>\n<div>\n<div><a href=\"http:\/\/bibliothequegouaix772.unblog.fr\/\" target=\"_blank\" rel=\"noopener noreferrer\">Bib \u00e0 \u00a0Gouaix<\/a><\/div>\n<div>Biblioth\u00e8que sympathique en Seine et Marne<\/div>\n<\/div>\n<div>\u00a0<\/div>\n<div><a title=\"Le mus\u00e9e de Melun\" href=\"http:\/\/www.amismusee-melun.com\/\" target=\"_blank\" rel=\"noopener noreferrer\">Le Mus\u00e9e de Melun<\/a><\/div>\n<div>\u00a0<\/div>\n<div><a href=\"http:\/\/circonbulle.wordpress.com\/\" target=\"_blank\" rel=\"noopener noreferrer\">Circonbulle<\/a><\/div>\n<div>Site de Marion Crouzevialle, charg\u00e9e de production<\/div>\n\n\n<p><a rel=\"noreferrer noopener\" href=\"https:\/\/www.facebook.com\/oldschoolimpro\" target=\"_blank\">La old school<\/a><br>Cie d&rsquo;improvisation<\/p>\n\n\n\n<p>Les pages facebook de certains des spectacles de la cie Zygopt\u00e8re<br><a href=\"https:\/\/www.facebook.com\/Le-Fil-de-lHistoire-670273243015404\" target=\"_blank\" rel=\"noreferrer noopener\">Le fil de l&rsquo;histoire<\/a><br><a href=\"https:\/\/www.facebook.com\/cestnoelenfinpresque\" target=\"_blank\" rel=\"noreferrer noopener\">C&rsquo;est No\u00ebl ! Enfin &#8230; presque<\/a><\/p>\n\n\n\n<p>La page facebook de <a href=\"https:\/\/www.facebook.com\/Lucie-Glinel-conteuse-612554898815158\" target=\"_blank\" rel=\"noreferrer noopener\">Lucie Glinel, conteuse<\/a><\/p>\n\n\n\n<p><a href=\"https:\/\/www.facebook.com\/auxcontesetc\/?ref=pages_you_manage\" target=\"_blank\" rel=\"noreferrer noopener\">Aux contes ! Etc<\/a><br>Sc\u00e8ne ouverte \u00e0 Valence en Brie<\/p>\n\n\n\n<p><a href=\"https:\/\/www.facebook.com\/culturesenjardins\" target=\"_blank\" rel=\"noreferrer noopener\">Cultures en jardins<\/a><br>Festival \u00e0 Valence en Brie<\/p>\n","protected":false},"excerpt":{"rendered":"<p>\u00a0 Alliances vid\u00e9o Patrick a r\u00e9alis\u00e9 le teaser de \u00ab\u00a0C&rsquo;est No\u00ebl ! Enfin &#8230; presque\u00a0\u00bb \u00a0 Chlo\u00eb Fidanzi Chlo\u00eb a r\u00e9alis\u00e9 les teasers de \u00ab\u00a0Les gens qui doutent\u00a0\u00bb et de \u00ab\u00a0Improforum\u00a0\u00bb \u00a0 Simone Cinelli Simone a r\u00e9alis\u00e9 le teaser de \u00ab\u00a0Une vie dans les arbres\u00a0\u00bb \u00a0 Les graphistoleurs Les graphistoleurs ont r\u00e9alis\u00e9 le teaser de \u00ab\u00a0Le fil de l&rsquo;histoire\u00a0\u00bb \u00a0 Marchal Visual Marchal a r\u00e9alis\u00e9 le teaser de \u00ab\u00a0Les lavandi\u00e8res\u00a0\u00bb \u00a0 Mim\u00e9thik Une aide pr\u00e9cieuse pour la communication \u00a0 Bertrand&#8230;<\/p>\n<p class=\"read-more\"><a class=\"btn btn-default\" href=\"https:\/\/www.lucieglinel.com\/?page_id=79\">Lire la suite<span class=\"screen-reader-text\"> Lire la suite<\/span><\/a><\/p>\n","protected":false},"author":1,"featured_media":0,"parent":331,"menu_order":7,"comment_status":"closed","ping_status":"closed","template":"","meta":{"ngg_post_thumbnail":0,"footnotes":""},"class_list":["post-79","page","type-page","status-publish","hentry"],"_links":{"self":[{"href":"https:\/\/www.lucieglinel.com\/index.php?rest_route=\/wp\/v2\/pages\/79","targetHints":{"allow":["GET"]}}],"collection":[{"href":"https:\/\/www.lucieglinel.com\/index.php?rest_route=\/wp\/v2\/pages"}],"about":[{"href":"https:\/\/www.lucieglinel.com\/index.php?rest_route=\/wp\/v2\/types\/page"}],"author":[{"embeddable":true,"href":"https:\/\/www.lucieglinel.com\/index.php?rest_route=\/wp\/v2\/users\/1"}],"replies":[{"embeddable":true,"href":"https:\/\/www.lucieglinel.com\/index.php?rest_route=%2Fwp%2Fv2%2Fcomments&post=79"}],"version-history":[{"count":27,"href":"https:\/\/www.lucieglinel.com\/index.php?rest_route=\/wp\/v2\/pages\/79\/revisions"}],"predecessor-version":[{"id":1366,"href":"https:\/\/www.lucieglinel.com\/index.php?rest_route=\/wp\/v2\/pages\/79\/revisions\/1366"}],"up":[{"embeddable":true,"href":"https:\/\/www.lucieglinel.com\/index.php?rest_route=\/wp\/v2\/pages\/331"}],"wp:attachment":[{"href":"https:\/\/www.lucieglinel.com\/index.php?rest_route=%2Fwp%2Fv2%2Fmedia&parent=79"}],"curies":[{"name":"wp","href":"https:\/\/api.w.org\/{rel}","templated":true}]}}